de 3004367?
False
Does 43 divide 9294?
False
Is 11623909 a multiple of 20?
False
Does 340 divide 82280?
True
Is 288 a factor of 3443328?
True
Is 211497 a multiple of 39?
True
Is 15 a factor of 56676?
False
Does 475 divide 7872041?
False
Is 549224 a multiple of 203?
False
Is 1024374 a multiple of 39?
True
Is 145903 a multiple of 283?
False
Is 2 a factor of 16868?
True
Is 212 a factor of 536898?
False
Is 237575 a multiple of 20?
False
Does 81 divide 541804?
False
Is 26 a factor of 273587?
False
Is 495768 a multiple of 7?
True
Is 5296542 a multiple of 23?
False
Is 246062 a multiple of 4?
False
Is 51 a factor of 12901?
False
Does 33 divide 386496?
True
Is 14 a factor of 10761?
False
Is 5293932 a multiple of 321?
True
Is 268330 a multiple of 122?
False
Is 10053925 a multiple of 115?
False
Does 39 divide 1264029?
True
Is 15 a factor of 13465560?
True
Does 19 divide 7745?
False
Is 566053 a multiple of 18?
False
Does 92 divide 477480?
True
Is 5477784 a multiple of 13?
True
Is 224593 a multiple of 117?
False
Is 1086 a factor of 572518?
False
Is 9 a factor of 1179607?
False
Is 351850 a multiple of 199?
False
Is 5460210 a multiple of 630?
True
Does 15 divide 106440?
True
Is 17 a factor of 3305634?
False
Does 252 divide 633024?
True
Is 29 a factor of 4553928?
True
Is 214 a factor of 1034726?
False
Is 22 a factor of 3423530?
True
Is 1190596 a multiple of 38?
False
Does 31 divide 974159?
False
Is 104842 a multiple of 178?
True
Is 120 a factor of 6143760?
True
Does 70 divide 3844540?
True
Is 70 a factor of 371000?
True
Does 789 divide 4201284?
False
Is 466833 a multiple of 4?
False
Does 411 divide 22605?
True
Is 3264 a multiple of 12?
True
Does 27 divide 4149306?
True
Is 1224 a factor of 1742448?
False
Is 231297 a multiple of 33?
True
Does 24 divide 5260?
False
Is 1150 a multiple of 230?
True
Is 28 a factor of 714140?
True
Is 7 a factor of 18393?
False
Does 729 divide 5506059?
False
Does 5 divide 210136?
False
Is 951296 a multiple of 56?
False
Is 255883 a multiple of 8?
False
Is 255 a factor of 2651490?
True
Is 6586047 a multiple of 3?
True
Is 49 a factor of 1320858?
False
Does 68 divide 5603540?
True
Is 41 a factor of 37607?
False
Is 277 a factor of 98893?
False
Does 60 divide 913887?
False
Is 655 a factor of 2722835?
True
Is 1487816 a multiple of 121?
True
Is 266302 a multiple of 94?
True
Does 591 divide 3044342?
False
Does 940 divide 943760?
True
Is 307295 a multiple of 5?
True
Is 909 a factor of 2531648?
False
Is 15 a factor of 23730?
True
Does 12 divide 5033098?
False
Is 36279 a multiple of 29?
True
Is 2846674 a multiple of 345?
False
Is 8029206 a multiple of 729?
True
Does 790 divide 543520?
True
Is 41517 a multiple of 11?
False
Does 61 divide 3025326?
False
Does 182 divide 80080?
True
Is 132 a factor of 137281?
False
Is 5 a factor of 72455?
True
Does 8 divide 70736?
True
Is 898731 a multiple of 23?
False
Is 116 a factor of 15258?
False
Does 27 divide 5776?
False
Does 19 divide 1202982?
False
Is 19 a factor of 12773339?
True
Does 138 divide 236808?
True
Is 8149951 a multiple of 27?
False
Does 99 divide 7401141?
True
Does 59 divide 4144219?
True
Does 148 divide 44446?
False
Is 16186500 a multiple of 11?
True
Is 40 a factor of 29708?
False
Does 10 divide 503255?
False
Does 32 divide 52055?
False
Is 18 a factor of 24294?
False
Is 134 a factor of 98892?
True
Is 36 a factor of 1425852?
True
Does 335 divide 49245?
True
Does 112 divide 324797?
False
Is 3 a factor of 345859?
False
Is 113322 a multiple of 101?
True
Is 77 a factor of 766304?
True
Does 83 divide 55112?
True
Does 50 divide 358950?
True
Is 557227 a multiple of 179?
True
Is 14 a factor of 2554796?
False
Is 2737595 a multiple of 120?
False
Is 62510 a multiple of 10?
True
Is 586663 a multiple of 75?
False
Is 1607210 a multiple of 55?
True
Is 183779 a multiple of 9?
False
Is 3 a factor of 3043281?
True
Is 59290 a multiple of 232?
False
Is 474 a factor of 1604016?
True
Is 55 a factor of 389070?
True
Does 3 divide 346836?
True
Is 20 a factor of 1135948?
False
Is 18 a factor of 73400?
False
Does 12 divide 436798?
False
Is 42769 a multiple of 22?
False
Is 10 a factor of 144669?
False
Is 911716 a multiple of 22?
False
Does 235 divide 426905?
False
Is 2591652 a multiple of 696?
False
Is 352013 a multiple of 19?
True
Is 5651731 a multiple of 6?
False
Is 227 a factor of 2056082?
False
Is 21938 a multiple of 24?
False
Is 27 a factor of 50436?
True
Is 819623 a multiple of 389?
True
Is 325 a factor of 1742367?
False
Is 1169141 a multiple of 16?
False
Is 777280 a multiple of 32?
True
Is 51488 a multiple of 127?
False
Does 9 divide 8239437?
True
Is 165 a factor of 78931?
False
Is 30611 a multiple of 4?
False
Is 533991 a multiple of 80?
False
Does 93 divide 648638?
False
Does 830 divide 589300?
True
Is 158564 a multiple of 14?
True
Does 6 divide 45876?
True
Is 31 a factor of 130947?
False
Is 42 a factor of 171444?
True
Is 23 a factor of 3881388?
True
Does 281 divide 136285?
True
Is 7525361 a multiple of 115?
False
Is 18750584 a multiple of 146?
False
Does 177 divide 126613?
False
Is 123490 a multiple of 265?
True
Is 114348 a multiple of 29?
False
Is 15305114 a multiple of 1268?
False
Does 1294 divide 11595534?
True
Does 118 divide 134874?
True
Is 25422 a multiple of 57?
True
Is 33 a factor of 54938?
False
Does 36 divide 664740?
True
Does 221 divide 2613325?
True
Is 104 a factor of 6266940?
False
Does 260 divide 11390860?
True
Is 43 a factor of 528398?
False
Is 127 a factor of 319278?
True
Is 10293 a multiple of 73?
True
Is 31 a factor of 311790?
False
Does 96 divide 36768?
True
Is 10814934 a multiple of 8?
False
Is 309 a factor of 1575502?
False
Is 258 a factor of 7998?
True
Is 10216 a multiple of 13?
False
Is 983 a factor of 1621403?
False
Is 7 a factor of 45916?
False
Is 9 a factor of 360864?
True
Is 24 a factor of 93038?
False
Is 21 a factor of 3512275?
False
Is 55 a factor of 6205585?
False
Is 8 a factor of 275425?
False
Is 57959 a multiple of 461?
False
Is 58 a factor of 181250?
True
Does 86 divide 369886?
True
Is 36 a factor of 948871?
False
Does 19 divide 13663261?
True
Is 13847 a multiple of 14?
False
Is 13 a factor of 200473?
True
Is 59 a factor of 64945?
False
Is 16419 a multiple of 39?
True
Is 44 a factor of 3643640?
True
Does 236 divide 80240?
True
Is 366574 a multiple of 201?
False
Is 510 a factor of 8094431?
False
Is 529482 a multiple of 174?
True
Is 35 a factor of 1014650?
True
Is 1073 a factor of 497872?
True
Does 6 divide 3485508?
True
Is 59 a factor of 168386?
True
Is 162 a factor of 792053?
False
Is 66 a factor of 2177?
False
Is 241568 a multiple of 32?
True
Does 15 divide 534495?
True
Does 614 divide 6827680?
True
Is 946956 a multiple of 9?
False
Does 25 divide 70456?
False
Is 6535500 a multiple of 125?
True
Is 76 a factor of 7949213?
False
Is 894087 a multiple of 250?
False
Is 415160 a multiple of 428?
True
Does 321 divide 2044684?
False
Is 84 a factor of 76153?
False
Does 437 divide 4056671?
True
Does 37 divide 1290782?
True
Is 12235452 a multiple of 961?
True
Does 9 divide 138215?
False
Does 12 divide 717108?
True
Does 81 divide 5923692?
True
Is 4 a factor of 43278?
False
Does 14 divide 403?
False
Is 137850 a multiple of 150?
True
Is 407539 a multiple of 40?
False
Is 182 a factor of 65215?
False
Is 120 a factor of 256097?
False
Is 2770831 a multiple of 7?
True
Is 21 a factor of 489741?
True
Is 747360 a multiple of 180?
True
Does 93 divide 8091?
True
Is 5 a factor of 23530?
True
Does 18 divide 169737?
False
Does 42 divide 821467?
False
Does 12 divide 101088?
True
Is 354 a factor of 2039493?
False
Does 430 divide 193500?
True
Is 50 a factor of 50557?
False
Is 60 a factor of 89940?
True
Is 5 a factor of 933665?
True
Is 914950 a multiple of 10?
True
Is 231536 a multiple of 340?
False
Does 11 divide 79389?
False
Is 199 a factor of 2366110?
True
Is 22 a factor of 75914?
False
Is 7918592 a multiple of 304?
True
Is 2799462 a multiple of 6?
True
Is 644643 a multiple of 123?
True
Is 39144 a multiple of 2?
True
Does 5 divide 7139537?
False
Is 77419 a multiple of 138?
False
Is 12 a factor of 67500?
True
Does 138 divide 986148?
True
Is 22050 a multiple of 5?
True
Does 12 divide 53448?
True
Is 290 a factor of 15611860?
True
Is 53 a factor of 119525?
False
Is 2724360 a multiple of 24?
True
Does 38 divid